l + 57. Suppose -3*w - 142 = 5. Let s = 49 + w. List the prime factors of z(s).
3, 19
Let p = -1141 - -427. List the prime factors of p/(-28) - (-15)/(-6).
23
Suppose 0 = 3*t + 4*t - 21. Suppose t*q + 6 = q. What are the prime factors of (q/(-2))/(18/84)?
7
Suppose 102 = 8*m - 4*m - 2*q, 0 = m + 3*q - 36. List the prime factors of (471/(-6) + -1)*(-31 + m).
2, 3, 53
Suppose -5*u + 3*u + 12779 = 3*w, -5*u = -w + 4288. What are the prime factors of w?
3, 7, 29
Let u(h) = 12*h**2 - 3*h + 11. Let r be u(3). Let j = 113 - r. Suppose -s = -j*d + 2*d - 254, -3*s = 4*d - 741. List the prime factors of s.
251
Let u = 94 - 89. Suppose 0 = -2*l, 3*c + 42 = -u*l - 33. What are the prime factors of (-558)/(-15) + (-20)/c?
2, 19
Let f be 2/10 + (-266)/(-70). Let t(o) = 193*o + 52. What are the prime factors of t(f)?
2, 103
Let d be (28/(-10))/(10/(-425)). Let m = d + 53. What are the prime factors of m?
2, 43
List the prime factors of ((-2)/12)/((-140)/7340760).
3, 971
Suppose u + 72 = 5*u. Let h = u + -14. Let x(z) = 2*z**3 + z**2 - 5*z + 4. List the prime factors of x(h).
2
Suppose -4*b + 3*i + 59744 = 0, -10*i = 3*b - 7*i - 44808. What are the prime factors of b?
2, 1867
Suppose -16 = -4*w, -5*w + 1048 = 171*t - 170*t. What are the prime factors of t?
2, 257
Let z(r) = -14*r + 36. Let t = 73 + -70. Suppose -4*b + t*l + 4 = 8, -32 = 5*b + 3*l. List the prime factors of z(b).
2, 23
Let h(x) = -2*x**2 + 9*x + 13. Let q be h(7). Let c = q - 2. What are the prime factors of 8/c*1*-125*3?
5
Suppose -j - 999 = -3*c, 2*c + j - 290 = 371. Suppose x - c = -3*x. Let a = 30 + x. What are the prime factors of a?
113
Let a(o) = 14*o**3 + o + 1. Let k be a(-1). Let f be (-72)/k + (-4)/28. Suppose 0 = f*r + 283 - 733. What are the prime factors of r?
2, 3, 5
Let y be (-1)/5*2 + 7998/(-155). What are the prime factors of 182/(-78)*(y - -1)?
7, 17
Let t(v) = 43*v + 38. Let n(f) = -89*f - 77. Let q(z) = -4*n(z) - 10*t(z). What are the prime factors of q(-10)?
2, 167
Let u be ((-168)/(-60) - 2)*5*1. Suppose -a + 425 = u*a. What are the prime factors of a?
5, 17
Suppose 4*w = d - 6431, -3*d - w + 18091 = -1254. List the prime factors of d.
3, 7, 307
Let f(t) be the second derivative of t**5/10 + 11*t**4/3 - 7*t**3/3 + 49*t**2/2 + 180*t + 2. List the prime factors of f(-21).
5, 7
Let z = -10 + 6. Let m be 35 + 182/42*-3. Let a = z + m. What are the prime factors of a?
2, 3
Suppose 5*k = 0, 5*r + 0*r - 19755 = -k. Suppose 2*o = 11*o - r. List the prime factors of o.
439
Suppose -2*g + 44 + 78 = 4*u, 0 = -4*g + 4*u + 220. Suppose g = 5*d + y + 272, 5*d = -3*y - 205. Let h = d - -128. What are the prime factors of h?
2, 3, 7
Let f(m) = m**3 + 10*m**2 + 18*m + 23. Let x be f(-12). Let v = -341 - x. What are the prime factors of v?
2, 5, 7
Let y(c) = 8*c**2 + 9*c - 1759. What are the prime factors of y(-46)?
5, 13, 227
Let b = 100 - -233. Let h = b - 35. What are the prime factors of h?
2, 149
Suppose -238*a + 78420 = -223*a. List the prime factors of a.
2, 1307
Let s = 120 + -248. Let w be (s + (-6 - -4))*16/(-10). Suppose 5*c + r = 145 + 66, 5*c - w = 2*r. List the prime factors of c.
2, 3, 7
Let f(k) = 2*k**3 + 27*k**2 + 7*k + 137. List the prime factors of f(16).
13, 1181
Suppose -110*s + 1702656 = 82*s. List the prime factors of s.
2, 3, 739
Suppose -4*p - 104 = -3*g, 10 = 2*g + 3*p - 48. Suppose -5*m + 43697 = g*m. List the prime factors of m.
1181
Let j(r) = 5*r**3 - 3*r**2 - 18*r + 54. Let d be j(6). Let z = 1667 - d. What are the prime factors of z?
7, 107
Let h(b) = b**3 + 15*b**2 + 24*b - 24. Let f be h(-13). Suppose f*v + s = -491 + 1493, 506 = v - 2*s. What are the prime factors of v?
2, 251
Suppose 1206 = 6*k + 408. Suppose 3*q + k = 433. What are the prime factors of q?
2, 5
Let c(t) = -58*t + 5082. What are the prime factors of c(0)?
2, 3, 7, 11
Let p be (538/(-3))/(-2) - (-20)/(-30). Let x = p - 97. Let v(o) = -o**3 - 8*o**2 - 5*o + 1. List the prime factors of v(x).
41
Suppose -5*o - 6012 = 2*c - 15817, -c - 5883 = -3*o. What are the prime factors of o?
37, 53
Suppose 2*q = 9 - 1, 5*m - q - 6 = 0. Let b(i) = -4*i - 13. Let g be b(-18). Suppose 3*z - m*z = g. What are the prime factors of z?
59
Suppose -1327*k = -1329*k + 23816. What are the prime factors of k?
2, 13, 229
Suppose 2*k - 1338 = 2*t - 0*t, 0 = -t - 4*k - 669. Let v = -4 - -11. What are the prime factors of (t/15 - v)/((-2)/5)?
3, 43
Let c = 29579 + -20032. List the prime factors of c.
9547
Let l(p) = 3326*p + 8457. What are the prime factors of l(19)?
137, 523
What are the prime factors of (-3)/1 + (-10 - (-13 - 4205))?
5, 29
Let a = 332 - 136. Let u(d) = -34*d + 13. Let k be u(4). Let n = k + a. What are the prime factors of n?
73
Suppose 5*d + 41 = 3*g, -5*d + 28 + 3 = 3*g. Let p = g - 8. Suppose p*u = 25 + 139. List the prime factors of u.
41
Let w be -2*-1*(3 + -7 - -647). Suppose -12*m + 14*m + 1286 = 2*h, 2*h - w = 5*m. List the prime factors of h.
643
Suppose -4*n + 23 = 2*k + k, -3*k = -15. Suppose n*l = 5*t + 10 + 3, t - 15 = -4*l. Suppose -3*d + 42 = -l*h + h, -4*h = -5*d + 68. List the prime factors of d.
2, 3
Let q = -301 - -613. Suppose 2*b + 4*c - 62 = 0, -4*c + 101 = -5*b + q. Suppose -29 = -w + b. List the prime factors of w.
2, 17
Let p be (-2*1)/(((-30)/(-9))/(-5)). Suppose -3*x - p*d + 354 = 0, -3*x - x + 479 = -3*d. List the prime factors of x.
7, 17
Let j be 7/((-106)/107 - -1). Suppose 3*d - 4*d - 8*y = -3*y, -2*y = 2*d. Suppose d*a = -7*a + j. List the prime factors of a.
107
Suppose -2387 + 3571 = 6*y - 7276. What are the prime factors of y?
2, 3, 5, 47
Let w(t) = 3*t + 36. Let z be w(-12). Let y be (z - 0)*(2 - 10/4). Suppose -2*c + 4*v + 128 = y, 4*c = c + 3*v + 186. What are the prime factors of c?
2, 3, 5
Let i = 3060 + 2797. List the prime factors of i.
5857
Let i(l) = -l**2 + 18*l - 3. Let p be i(17). Suppose 0 = -p*a - 15*a + 10179. List the prime factors of a.
3, 13
Let o = 4264 + -1502. Suppose -o = -19*f - 1071. What are the prime factors of f?
89
Suppose 164476 = 9*j - 125171. What are the prime factors of j?
32183
Let z(k) = 2*k**3 - 34*k**2 - 54*k + 295. What are the prime factors of z(34)?
11, 3433
Let q(k) = -900*k**3 + 2*k**2 + 8*k + 6. Let h be q(-1). Suppose -159*z = -155*z - h. List the prime factors of z.
3, 5
Let r(h) = 42*h**2 - 87*h + 283. List the prime factors of r(23).
2, 5, 41
What are the prime factors of (25207/(-35) + -7)*-10?
2, 3, 101
Let u = -87 + 368. Let a = -42 + u. List the prime factors of a.
239
Suppose -b - 2*b = b. Let a be 3178/42 + 4/(-6) + b. Suppose -i + 4*m + a = 0, -5*i + 160 + 125 = -2*m. List the prime factors of i.
5, 11
Let d = 17796 - 9195. List the prime factors of d.
3, 47, 61
Let m(u) = -u**2 - 35*u - 61. Let h(l) = -3*l**2 - 104*l - 183. Let j(z) = -2*h(z) + 7*m(z). What are the prime factors of j(-21)?
5, 11
Suppose -k + 3 = -1. Suppose -k*w = -3*w - 3. Suppose q - 63 = -w*l, -q = 3*l - 5*l - 83. List the prime factors of q.
3, 5
Suppose -84976 = -4*r - 6*p, 21216 = 1508*r - 1507*r + 5*p. What are the prime factors of r?
2, 2657
Let p(y) = y**3 - 5*y**2 - 4*y - 6. Let f be p(6). Suppose -f*g + 0*g = -66. Suppose 21*v - 380 = g*v. List the prime factors of v.
2, 19
Let f = 3981 - 2185. List the prime factors of f.
2, 449
What are the prime factors of 368/(-828) - -2*(2 + 10210/18)?
2, 569
List the prime factors of (-3118375)/(-266) + (-3)/14.
19, 617
Let i(f) = -f**3 - f**2 - f. Let b(g) = -g**3 - 12*g**2 - 5*g + 2. Let c(m) = -b(m) + 2*i(m). Let y be c(8). Let d = -107 + y. List the prime factors of d.
43
What are the prime factors of 146/5*300/120?
73
Suppose -2*j = -6, 3 - 4 = -2*o + 3*j. Suppose 0 = -4*h + o*v + 1021, -3*v = 5*h - 5*v - 1272. What are the prime factors of h?
2, 127
What are the prime factors of (4 - 3)/(6/42) + 5616?
5623
Suppose 0 = -r + 6899 + 988. Suppose -13*s = -2*s - r. What are the prime factors of s?
3, 239
Let j(k) = -12*k + 134. Let r be 40/9*(-15)/10*3. List the prime factors of j(r).
2, 11, 17
Let p = -21572 + 30431. What are the prime factors of p?
3, 2953
Suppose 24*c + 1 = 265. Suppose -c*t = -2236 - 5904. List the prime factors of t.
2, 5, 37
Suppose -41276 - 85392 = -18*m + 4570. What are the prime factors of m?
23, 317
Suppose 3*p = 7*p - 36. Suppose p*u - 8*u = 0. Suppose -c + 